 8, what is 4 - -132?
136
In base 10, what is -350 - -1?
-349
In base 3, what is -210 + -11?
-221
In base 9, what is -1302 - -1?
-1301
In base 3, what is -1211200 - -10?
-1211120
In base 8, what is 1740 + -1?
1737
In base 12, what is 7 + -21?
-16
In base 3, what is 21 + -20?
1
In base 8, what is -12644 + 2?
-12642
In base 14, what is -4 - -b?
7
In base 4, what is 130 + 11?
201
In base 15, what is -7 - 9?
-11
In base 14, what is -6a - 0?
-6a
In base 14, what is 4d5 - -1?
4d6
In base 9, what is 428 + -2?
426
In base 13, what is b5 - -7?
bc
In base 14, what is 1a7 + 4?
1ab
In base 12, what is 17 - 0?
17
In base 3, what is 1200000 - -12?
1200012
In base 15, what is -4 + 100?
eb
In base 2, what is -10 - -10111001?
10110111
In base 12, what is 0 - 8?
-8
In base 10, what is -99 - 1?
-100
In base 10, what is -855 - 5?
-860
In base 15, what is 33 + 6?
39
In base 11, what is 99 - -3?
a1
In base 7, what is 4 - -600?
604
In base 9, what is 2 + 2161?
2163
In base 15, what is -ca1 - -5?
-c9b
In base 16, what is 5 - -2c4?
2c9
In base 15, what is -e + 325?
316
In base 2, what is 10010 + -10000000?
-1101110
In base 9, what is -313 - -2?
-311
In base 13, what is 4 + 1aaa?
1ab1
In base 16, what is 2f - -1?
30
In base 11, what is 117 - 5?
112
In base 10, what is 5 + 376?
381
In base 11, what is 1537 + 1?
1538
In base 12, what is -37 + 19a?
163
In base 12, what is 197 - -16?
1b1
In base 10, what is 128 + -1?
127
In base 11, what is -3 - -a2?
9a
In base 15, what is 4 - 2?
2
In base 16, what is 2 + -125?
-123
In base 10, what is -1015 - 6?
-1021
In base 8, what is -6663 + 3?
-6660
In base 9, what is -2 + -55?
-57
In base 3, what is -2 + 11210202?
11210200
In base 12, what is -1 - -18?
17
In base 11, what is 436 + 0?
436
In base 15, what is 3 + -1?
2
In base 6, what is -5 - -114?
105
In base 2, what is -110000110000 + 10?
-110000101110
In base 5, what is 2 - 0?
2
In base 16, what is 7 - 65?
-5e
In base 12, what is 1052 + -11?
1041
In base 15, what is -2a - -12a?
100
In base 4, what is 1031221 + 0?
1031221
In base 14, what is 0 + 59?
59
In base 7, what is -111 + -2?
-113
In base 5, what is -1 - -113?
112
In base 13, what is 1 + 114?
115
In base 7, what is 6 + 21?
30
In base 6, what is -4 + -23?
-31
In base 11, what is -5 - 586?
-590
In base 2, what is -11 - 100011?
-100110
In base 16, what is -4062 + 5?
-405d
In base 5, what is -44 + 2?
-42
In base 7, what is 6460 + -2?
6455
In base 2, what is -100 - 1?
-101
In base 15, what is 2 + 329?
32b
In base 11, what is 1 + 92?
93
In base 14, what is b4 - 2?
b2
In base 10, what is 2 - -185?
187
In base 6, what is -424 + 21?
-403
In base 13, what is 3 - -35?
38
In base 5, what is -213 - 2?
-220
In base 10, what is 5 + -3?
2
In base 4, what is 11133 + -12?
11121
In base 8, what is 320 - 0?
320
In base 3, what is -1020 + 222?
-21
In base 13, what is -3 + -35?
-38
In base 8, what is -647 - -2?
-645
In base 15, what is 1d - -85?
a3
In base 8, what is 3 + -346?
-343
In base 16, what is 5 + 177?
17c
In base 7, what is 16 + -3?
13
In base 12, what is 3 - 40a?
-407
In base 14, what is 11a - 1?
119
In base 3, what is 220112 + -2?
220110
In base 9, what is 4 - 73?
-68
In base 7, what is 60 - 23?
34
In base 7, what is -1340 + 14?
-1323
In base 5, what is 1 + 323?
324
In base 5, what is -33 + -11234?
-11322
In base 15, what is -1b6 - 2?
-1b8
In base 6, what is -10 - -2051?
2041
In base 11, what is 3 + 96?
99
In base 2, what is -1101000010 + -10?
-1101000100
In base 6, what is 1 - 12052?
-12051
In base 4, what is -111213 + 31?
-111122
In base 7, what is -544 - -112?
-432
In base 10, what is 0 - 80?
-80
In base 14, what is -45 + 90?
49
In base 7, what is 14140 + -4?
14133
In base 14, what is 2 - -b4?
b6
In base 3, what is 122220 + 12?
200002
In base 7, what is -135 - 16?
-154
In base 3, what is 11 + 11221?
12002
In base 16, what is 1 + 9b?
9c
In base 6, what is 14041 - 1?
14040
In base 12, what is -5 + 40?
37
In base 9, what is 4 + 452?
456
In base 8, what is -5 + -1556?
-1563
In base 5, what is -4 - -101133?
101124
In base 16, what is -3 + -115?
-118
In base 5, what is 111 + -21?
40
In base 14, what is -28 + -15c?
-186
In base 9, what is 20 + 37?
57
In base 5, what is 311 - 3?
303
In base 10, what is -1 + 2728?
2727
In base 14, what is -2d + 4?
-29
In base 3, what is -112 - -2?
-110
In base 3, what is 2 - -1012000?
1012002
In base 6, what is -1102 - -115?
-543
In base 11, what is 5 + 1086?
1090
In base 13, what is 3c + -31?
b
In base 7, what is 4 - 35?
-31
In base 3, what is 1022 - -12?
1111
In base 10, what is 102 + 4?
106
In base 3, what is -10111 - 121?
-11002
In base 8, what is 4 - -14?
20
In base 7, what is -21 + 4?
-14
In base 10, what is 3 + 241?
244
In base 2, what is 110001111 - -100?
110010011
In base 4, what is -1030 - 21?
-1111
In base 10, what is -4 + 4994?
4990
In base 6, what is -43 - -5?
-34
In base 9, what is -3 - 355?
-358
In base 5, what is 133 + -241?
-103
In base 7, what is 162 - 1?
161
In base 11, what is -70 + -1?
-71
In base 3, what is -11220 - 1001?
-12221
In base 16, what is -158e + 0?
-158e
In base 3, what is -12 + -2021?
-2110
In base 13, what is 0 - 1c9?
-1c9
In base 3, what is -12000 - 2122?
-21122
In base 4, what is -103 + 0?
-103
In base 3, what is -12 - -10?
-2
In base 10, what is -218 + 5?
-213
In base 4, what is -11022 - -201?
-10221
In base 5, what is 443 - 2?
441
In base 6, what is 400 - 3?
353
In base 16, what is -3 - -3c?
39
In base 10, what is -2 + -1001?
-1003
In base 3, what is 0 - -2210?
2210
In base 9, what is -87 + -4?
-102
In base 12, what is 17 + 8?
23
In base 2, what is 100101 + 0?
100101
In base 12, what is 83 - -25?
a8
In base 4, what is 230223 + -1?
230222
In base 15, what is 14be - -b?
14ca
In base 13, what is 89 - a?
7c
In base 12, what is -2 - -18a?
188
In base 3, what is -2012 + -1222?
-11011
In base 8, what is 3 - 2455?
-2452
In base 14, what is d1 + 0?
d1
In base 6, what is -14 - 55?
-113
In base 6, what is -1 + -21?
-22
In base 4, what is 101001 + 2?
101003
In base 2, what is 101 - 10110?
-10001
In base 9, what is -1 - -3518?
3517
In base 7, what is 5 + -1311?
-1303
In base 13, what is -8 - -c8?
c0
In base 3, what is 11 - 2210010?
-2202222
In base 5, what is -3444 + 0?
-3444
In base 10, what is 4 + -123?
-119
In base 15, what is 80 + -5e?
21
In base 4, what is -3 - 21211?
-21220
In base 13, what is 3 - -23?
26
In base 10, what is -9416 + -3?
-9419
In base 14, what is -10 + 17?
7
In base 14, what is 5 + 45a?
461
In base 7, what is -231 - 120?
-351
In base 4, what is -3302212 - 0?
-3302212
In base 15, what is 526 - 4?
522
In base 2, what is 11 - -111111100?
111111111
In base 12, what is 2 + -aa3?
-aa1
In base 8, what is -7 + -1723?
-1732
In base 12, what is -14 + 82?
6a
In base 4, what is -2 - 3010?
-3012
In base 6, what is -130 - -20?
-110
In base 8, what is 5440 + 0?
5440
In base 15, what is 2d - 37?
-9
In base 7, what is 4 + 252?
256
In base 10, what is 3 - -281?
284
In base 16, what is -67 + -23?
-8a
In base 14, what is 1 - -c72?
c73
In base 5, what is 3013 - -2?
3020
In base 11, what is -3 - 73?
-76
In base 5, what is 2 - 12?
-10
In base 3, what is 100221 - -12?
101010
In base 6, what is -2 - 401?
-403
In base 4, what is -3 - 2313?
-2322
In base 6, what is 3 + -31204?
-31201
In base 4, what is 22 - 301?
-213
In base 5, what is -3 + 110422?
110414
In base 7, what is 12015 - 4?
12011
In base 3, what is 202 - 1?
201
In base 3, what is 1 + 1?
2
In base 10, what is -1 - -5?
4
In base 6, what is 32 + -10?
22
In base 12, what is 0 + 366?
366
In base 14, what is 3 - 861?
-85c
In base 3, what is -120 - 11?
-201
In base 4, what is 10 - -121?
131
In base 9, what is -1600 + -4?
-1604
In base 16, what is -21 + -9?
-2a
In base 2, what is 111111 - -11?
1000010
In base 16, what is -3a + 5?
-35
In base 15, what is 4 - -2ad?
2b2
In base 14, what is 3 + c70?
c73
In base 15, what is 20 + 5?
25
In base 11, what is -5 + 4a?
45
In base 16, what is 3 - -8?
b
In base 7, what is -1 - 513?
-514
In base 12, what is -9aa - 6?
-9b4
In base 13, what is -3 + -14c?
-152
In base 2, what is 10 - -100111001110?
100111010000
In base 9, what is 20534 - 1?
20533
In base 8, what is -1443 + -3?
-1446
In base 3, what is -22200 + -11?
-22211
In base 7, what is 233 + -6?
224
In base 4, what is 211 + 110?
321
In base 9, 